re the prime factors of 8283162?
2, 3, 881, 1567
What are the prime factors of 282592?
2, 8831
List the prime factors of 109253.
109253
What are the prime factors of 102784?
2, 11, 73
What are the prime factors of 1124231?
101, 11131
List the prime factors of 833287.
7, 13, 9157
List the prime factors of 1247845.
5, 103, 2423
What are the prime factors of 8653840?
2, 5, 13, 53, 157
What are the prime factors of 3348859?
821, 4079
List the prime factors of 7865271.
3, 17, 51407
What are the prime factors of 3569107?
3569107
What are the prime factors of 716309?
11, 65119
What are the prime factors of 4909?
4909
List the prime factors of 983319.
3, 23, 14251
What are the prime factors of 1522195?
5, 304439
What are the prime factors of 1069572?
2, 3, 7, 17, 107
What are the prime factors of 1329226?
2, 664613
What are the prime factors of 1098135?
3, 5, 23, 1061
What are the prime factors of 707860?
2, 5, 35393
What are the prime factors of 12325827?
3, 4108609
What are the prime factors of 566400?
2, 3, 5, 59
List the prime factors of 264643.
264643
List the prime factors of 12473930.
2, 5, 7, 25457
List the prime factors of 69602.
2, 13, 2677
List the prime factors of 4747643.
167, 28429
List the prime factors of 2883553.
2883553
What are the prime factors of 559525?
5, 22381
What are the prime factors of 1543284?
2, 3, 163, 263
What are the prime factors of 237181?
7, 31, 1093
What are the prime factors of 1072925?
5, 7, 6131
List the prime factors of 1857316.
2, 197, 2357
What are the prime factors of 2114430?
2, 3, 5, 70481
What are the prime factors of 206949?
3, 101, 683
What are the prime factors of 120738?
2, 3, 20123
What are the prime factors of 32697?
3, 7, 173
What are the prime factors of 12126430?
2, 5, 43, 28201
List the prime factors of 160463.
17, 9439
What are the prime factors of 790098?
2, 3, 37, 3559
List the prime factors of 211346.
2, 105673
What are the prime factors of 415141?
415141
List the prime factors of 1093382.
2, 546691
What are the prime factors of 17721471?
3, 19, 41, 7583
What are the prime factors of 4086825?
3, 5, 29, 1879
List the prime factors of 17435333.
17435333
List the prime factors of 6863583.
3, 2287861
List the prime factors of 5524278.
2, 3, 23, 40031
List the prime factors of 5036207.
11, 457837
List the prime factors of 6145631.
6145631
What are the prime factors of 622767?
3, 207589
List the prime factors of 797606.
2, 17, 23459
List the prime factors of 4446083.
157, 28319
What are the prime factors of 17115133?
7, 29, 59, 1429
What are the prime factors of 17477416?
2, 11, 19, 10453
List the prime factors of 103049.
103049
What are the prime factors of 315993?
3, 105331
List the prime factors of 17216.
2, 269
List the prime factors of 351381.
3, 117127
What are the prime factors of 1947586?
2, 47, 20719
What are the prime factors of 15769377?
3, 13, 44927
List the prime factors of 8693035.
5, 13, 17, 7867
What are the prime factors of 3666417?
3, 467, 2617
List the prime factors of 253774.
2, 223, 569
What are the prime factors of 6856926?
2, 3, 1142821
List the prime factors of 25333.
7, 11, 47
What are the prime factors of 762182?
2, 179, 2129
What are the prime factors of 424677?
3, 11, 17, 757
List the prime factors of 5219905.
5, 1043981
List the prime factors of 7184511.
3, 266093
List the prime factors of 825021.
3, 29, 109
What are the prime factors of 24531704?
2, 211, 14533
What are the prime factors of 344679?
3, 19, 6047
List the prime factors of 3575727.
3, 397303
List the prime factors of 16844582.
2, 107, 78713
List the prime factors of 8106067.
157, 51631
What are the prime factors of 1120948?
2, 71, 3947
What are the prime factors of 7097794?
2, 11, 322627
What are the prime factors of 13861235?
5, 2772247
List the prime factors of 1656351.
3, 184039
What are the prime factors of 1002404?
2, 13, 37, 521
What are the prime factors of 991520?
2, 5, 6197
What are the prime factors of 133584?
2, 3, 11, 23
What are the prime factors of 198438?
2, 3, 33073
List the prime factors of 76633.
197, 389
List the prime factors of 22991816.
2, 41, 191, 367
List the prime factors of 14850625.
5, 23761
List the prime factors of 132158.
2, 13, 17, 23
What are the prime factors of 1481397?
3, 17, 31, 937
What are the prime factors of 1232474?
2, 241, 2557
What are the prime factors of 14173369?
7, 2024767
What are the prime factors of 1113620?
2, 5, 55681
List the prime factors of 8383322.
2, 79, 97, 547
List the prime factors of 29147543.
29147543
What are the prime factors of 1249887?
3, 416629
List the prime factors of 10570750.
2, 5, 42283
What are the prime factors of 18621229?
11, 1692839
What are the prime factors of 1106276?
2, 193, 1433
What are the prime factors of 3043393?
3043393
What are the prime factors of 14029?
14029
List the prime factors of 16772100.
2, 3, 5, 37, 1511
What are the prime factors of 10922673?
3, 3640891
List the prime factors of 187974.
2, 3, 59
List the prime factors of 14783059.
1021, 14479
List the prime factors of 306021.
3, 83, 1229
List the prime factors of 465477.
3, 17, 9127
List the prime factors of 3477802.
2, 1738901
What are the prime factors of 7559683?
7559683
What are the prime factors of 3188678?
2, 1594339
What are the prime factors of 18563049?
3, 2062561
What are the prime factors of 204662?
2, 31, 3301
What are the prime factors of 156349?
17, 541
List the prime factors of 121346.
2, 17, 43, 83
List the prime factors of 6543102.
2, 3, 89, 12253
What are the prime factors of 2316810?
2, 3, 5, 29, 2663
List the prime factors of 2424960.
2, 3, 5, 421
What are the prime factors of 342626?
2, 163, 1051
What are the prime factors of 1215159?
3, 11, 23, 1601
What are the prime factors of 70567?
7, 17, 593
List the prime factors of 2525178.
2, 3, 271, 1553
What are the prime factors of 3886962?
2, 3, 127, 5101
List the prime factors of 611689.
13, 211, 223
List the prime factors of 187125.
3, 5, 499
List the prime factors of 9176765.
5, 13, 141181
What are the prime factors of 28973?
7, 4139
List the prime factors of 6300692.
2, 317, 4969
What are the prime factors of 4176005?
5, 37, 22573
List the prime factors of 286069.
7, 40867
What are the prime factors of 281768?
2, 35221
What are the prime factors of 404279?
523, 773
What are the prime factors of 1086261?
3, 11, 32917
List the prime factors of 6784019.
11, 616729
List the prime factors of 3448983.
3, 1149661
List the prime factors of 1235511.
3, 137279
List the prime factors of 8026137.
3, 7, 127399
List the prime factors of 7084369.
7084369
List the prime factors of 4550121.
3, 168523
List the prime factors of 1384188.
2, 3, 13, 19, 467
List the prime factors of 18518075.
5, 61, 12143
What are the prime factors of 1199?
11, 109
List the prime factors of 70856.
2, 17, 521
List the prime factors of 1204657.
19, 47, 71
List the prime factors of 23901.
3, 31, 257
List the prime factors of 17238623.
17238623
List the prime factors of 9177133.
7, 19, 69001
List the prime factors of 68623.
163, 421
What are the prime factors of 111558?
2, 3, 18593
What are the prime factors of 559230?
2, 3, 5, 7, 2663
What are the prime factors of 8057295?
3, 5, 179051
What are the prime factors of 2061073?
7, 294439
What are the prime factors of 7648679?
691, 11069
What are the prime factors of 3016705?
5, 547, 1103
List the prime factors of 74887.
74887
List the prime factors of 28864017.
3, 7, 13, 2711
List the prime factors of 3180682.
2, 89, 107, 167
List the prime factors of 5594866.
2, 73, 38321
What are the prime factors of 15297062?
2, 11, 63211
List the prime factors of 61405.
5, 12281
What are the prime factors of 2747582?
2, 509, 2699
What are the prime factors of 14587591?
293, 49787
What are the prime factors of 418975?
5, 16759
What are the prime factors of 221031?
3, 41, 599
List the prime factors of 194780.
2, 5, 9739
List the prime factors of 1756682.
2, 71, 89, 139
What are the prime factors of 1524817?
7, 61, 3571
What are the prime factors of 496311?
3, 165437
List the prime factors of 5904632.
2, 29, 31, 821
List the prime factors of 20192291.
7, 107, 26959
List the prime factors of 15961602.
2, 3, 1259, 2113
What are the prime factors of 238993?
23, 10391
List the prime factors of 2035